at is the greatest common divisor of o and q?
11
Let y(l) = -3*l**3 - 2*l**2 - 16*l - 26. Let r be y(-4). Calculate the greatest common factor of r and 110.
22
Let p(v) be the third derivative of 4*v**2 - 1/6*v**3 + 1/60*v**5 - 1/12*v**4 + 0*v + 0. Let b be p(3). Calculate the greatest common factor of b and 5.
1
Let a(j) = 5*j - 20. Let n be a(6). Suppose 4*w + n = -6, u = 3*w + 122. Calculate the highest common factor of u and 10.
10
Suppose -t + 72 + 4 = 0. Let s be 1*((-19)/6)/((-24)/144). What is the highest common divisor of s and t?
19
Suppose 5 = -y, -8*y + 3*y - 25 = -5*f. Suppose n + 3*r + 14 = -0, f = 3*n + 4*r + 17. Let p be (28/42)/(n/42). What is the highest common factor of p and 308?
28
Suppose -s + 2*v - 242 = 0, -2*v - 1 = -5. Let i = 394 + s. Calculate the highest common factor of 39 and i.
39
Let m = -52 + 44. Let t be -1 + 15/3 + 2. Let u be t*-5*28/m. What is the greatest common divisor of u and 42?
21
Let z be (-8)/(-1)*(-144)/9. Let j = -70 - -63. Let d be z/j + 46/(-161). Calculate the highest common factor of d and 12.
6
Let v(t) = -t**2 - 10*t - 15. Let r be v(-9). Let m be ((-9)/r - 1)/((-8)/(-16)). Calculate the highest common divisor of 7 and m.
1
Suppose 663 = -26*h + 247. Let s(n) = n**2 + n - 7. Let y be s(5). Let a = y + h. What is the highest common divisor of a and 77?
7
Suppose 0*b = 5*b - p - 99, 4*b + p - 81 = 0. Calculate the highest common divisor of 90 and b.
10
Suppose 36*j - 48469 = 15827. Calculate the highest common factor of 38 and j.
38
Suppose 62 = 2*k - 2. Let z = 134 + -98. Suppose -z*o + 28 = -k*o. What is the highest common factor of 14 and o?
7
Let a(s) = -7*s + 7. Let m be a(-7). Let x = 78 - m. What is the highest common factor of x and 176?
22
Let o be (7/(-84)*-45)/(6/256). What is the highest common divisor of o and 32?
32
Suppose 0*r - 2 = v + r, -8 = 2*v + 4*r. Suppose -4*b = -2*y - y - 67, v = b - 2*y - 18. Calculate the highest common divisor of 4 and b.
4
Let d(o) = -14*o + 1. Let a be d(-1). Suppose 115*q - 28*q = 522. What is the greatest common factor of q and a?
3
Let l(q) = -q**2 + 25*q - 3. Let y be l(16). Suppose 4*t - t = x - y, x + 2*t - 116 = 0. What is the highest common divisor of 14 and x?
14
Suppose -2*p - 2*j + 50 = 0, -43 - 85 = -5*p - 4*j. Let f be 7 + (6 - 15) - -16. Calculate the greatest common divisor of p and f.
14
Suppose -4*k - 4 - 184 = 0. Let b = 54 + k. Calculate the highest common factor of 49 and b.
7
Let t = -45 + 73. Let x = -22 + t. What is the highest common factor of x and 2?
2
Suppose 108*j + 4512 = 140*j. What is the greatest common factor of j and 517?
47
Let h(d) = 2*d**2 + d - 3. Let y be h(-3). Suppose -13*q = -y*q - 12. What is the greatest common factor of q and 18?
6
Suppose 5*c + 4*c - 180 = 0. Suppose 603 = 3*h + 51. Let z be c/(-90) + h/18. What is the greatest common factor of 40 and z?
10
Suppose -6*o + 11 + 13 = 0. Suppose 11*k - 6*k + 5 = 0. Let g(u) = -20*u**3 - u**2 + 1. Let t be g(k). Calculate the highest common factor of o and t.
4
Let v = 39 - 0. Calculate the highest common factor of 3 and v.
3
Let l(z) = 22*z - 2. Let r be l(1). What is the highest common factor of 500 and r?
20
Let k(a) = a**3 + 4*a**2 + 2*a + 3. Let l be k(-3). Let z = l - -8. What is the highest common divisor of 28 and z?
14
Suppose -4*q + 78 = -9*k + 6*k, -50 = -3*q - 2*k. Suppose 5 = -i, q - 3 = p + 2*i. What is the greatest common factor of 100 and p?
25
Let l = -1148 - -2576. Calculate the highest common divisor of 51 and l.
51
Let i be (-1 + 49/5)*(-300)/(-24). Let s be (-2 + -1)*35/(-3). Suppose 0 = u + 3, 0*u + s = 2*y + 3*u. Calculate the greatest common divisor of y and i.
22
Suppose -5*w = -0*w - 20, -4*a = -w - 40. Suppose -2*i + 47 = a. What is the greatest common divisor of 18 and i?
18
Let l be (-3)/(15/(-715) - 0). What is the greatest common divisor of l and 104?
13
Suppose 3*i - 4*i = -2, -2*i - 121 = -5*n. Suppose -129 = -8*d - n. What is the greatest common divisor of d and 13?
13
Let l be 2/(-4) + 9/2. Suppose -62 = -l*p + 34. Suppose -63 + 0 = -3*m + 3*x, 33 = 3*m + 3*x. What is the greatest common factor of p and m?
8
Let a be 204 + (80/(-140))/((-2)/14). Calculate the highest common factor of 78 and a.
26
Let t(h) = -9 + 5*h**2 - 6*h**2 - 12*h - 4*h. Let i be t(-13). Calculate the highest common factor of i and 90.
30
Suppose -5*u - q + 279 = -0*q, 2*u = -5*q + 130. Suppose u = 5*k - 215. Calculate the greatest common divisor of 18 and k.
18
Let s(o) = 94*o**2 + 6*o - 11. Let k be s(-5). Suppose 0 = 2*p - 5*x - 919, -2*x + x = -5*p + k. Calculate the highest common divisor of 66 and p.
66
Suppose 13*p - 1559 = -207. What is the highest common factor of 65 and p?
13
Let j be (-2 - -3)*(1 + -2). Let p be j/2 - 25/(-10). Suppose -p*m - 4*g - 8 = 0, 39 + 4 = 3*m - 5*g. Calculate the highest common factor of m and 9.
3
Suppose 70*i = 72*i - 72. What is the highest common divisor of 27 and i?
9
Suppose -2*k - 4*s + 134 = 0, -15 = s - 10. Calculate the highest common divisor of 1925 and k.
77
Let t(p) = -p**2 + 14*p + 25. Let d be t(11). Suppose -16*r - 121 = -4*v - 11*r, 0 = r + 1. Calculate the highest common divisor of v and d.
29
Let h(d) = -d**3 + 15*d**2 - 9*d - 34. Let f be h(14). What is the highest common divisor of 276 and f?
12
Let r(f) = -f**3 + 26*f**2 - 8*f + 43. Let h be r(25). Calculate the greatest common divisor of 52 and h.
52
Suppose 4*j - 6*j = -z + 2340, 0 = -3*j + 9. Calculate the highest common factor of z and 102.
102
Let k be 130 + (-3)/(-1) + 0. What is the greatest common factor of 95 and k?
19
Suppose 0 = i - 2*p - 393, 1909 = 3*i + 2*i + 4*p. Calculate the highest common divisor of i and 35.
35
Suppose -9*v + 13 = 4. Let t be 360/(-16)*16/(-5)*v. Let n(h) = -h**3 + 24. Let k be n(0). What is the greatest common factor of t and k?
24
Suppose 50 = 4*u + 2*w, 14*w = -5*u + 10*w + 58. What is the greatest common factor of u and 21?
7
Suppose -f + 5*k + 23 = 0, -12 = -2*f + k - 2. Suppose r + 1168 = -f*r. Let z be 4/10 - r/20. Calculate the greatest common divisor of 15 and z.
15
Let b = 32 - 30. Suppose 275 = 3*r + b*r. Calculate the highest common divisor of 11 and r.
11
Let x be 1/(-2) + 2820/40. Suppose u = -2*u + 3*t + 132, 0 = -4*u - 3*t + 162. What is the greatest common factor of u and x?
14
Suppose 5*o + 2*f = 29, -5*o + 38 = -2*f - 3. Suppose -j + 16 = o*j. What is the greatest common divisor of 16 and j?
2
Let w be 20/5 + 43 - 4. What is the greatest common divisor of 387 and w?
43
Suppose 0 = -9*p + 1051 + 209. Calculate the highest common divisor of 350 and p.
70
Suppose -51*k - 172 = -53*k. What is the greatest common divisor of k and 215?
43
Suppose 3*m - g = 36, 35 = 5*m - 5*g - 25. Let y = 200 + -140. What is the greatest common divisor of y and m?
12
Let d be ((-8)/20)/((33/(-810))/11). Let b be (-4)/(-18) + 2244/d. Let x be 1/(1 - 0) - -2. Calculate the greatest common factor of b and x.
3
Let r(c) = 6*c**2 + 51*c + 12. Let z be r(-9). Calculate the highest common factor of 104 and z.
13
Let j(k) = 2*k**3 - k**2 - 5*k + 36. Let f be j(9). What is the highest common divisor of 76 and f?
76
Suppose -19*m = -40*m + 1134. Calculate the greatest common factor of m and 24.
6
Let z be ((-6)/(-18))/((-1)/(-15)). Suppose -3*h - 6 = -z*h. Suppose o + h*r - 80 = 0, -6*o + o = -r - 320. What is the greatest common factor of o and 26?
13
Let l be (150/(-9))/((-2)/6). Let h(g) = -g**3 + 8*g**2 + 56*g - 5. Let d be h(-5). Calculate the highest common factor of l and d.
10
Suppose 0 = i - 2*i + 15. Suppose -u = -21 - i. Suppose -45*v + 9*v = -432. What is the highest common divisor of u and v?
12
Let z be (725/(-20) + 6)/(2/(-8)). Calculate the highest common factor of 55 and z.
11
Suppose 18*p - 21*p = -396. Suppose 2*k + 2*k = 0. Suppose 3*o - 5*o + 24 = k. Calculate the greatest common factor of p and o.
12
Let v = -141 + 30. Let p be v*(-2 - (-10)/6). Calculate the greatest common factor of p and 259.
37
Suppose 5*b - 16 = b. Let m(q) = -22 + 5*q + b*q - 15*q. Let i be m(-13). What is the greatest common divisor of 140 and i?
28
Suppose -46*q + 2100 = -4*q. What is the highest common factor of q and 1850?
50
Suppose 14 = 4*r - 10. Suppose 6*m = m + 160. Let j = 98 - m. What is the greatest common divi